14984?
2, 1873
What are the prime factors of 73840?
2, 5, 13, 71
List the prime factors of 101.
101
What are the prime factors of 1091?
1091
List the prime factors of 11303.
89, 127
List the prime factors of 1123.
1123
What are the prime factors of 10479?
3, 7, 499
List the prime factors of 9254.
2, 7, 661
List the prime factors of 18826.
2, 9413
What are the prime factors of 5262?
2, 3, 877
What are the prime factors of 1533?
3, 7, 73
What are the prime factors of 29369?
43, 683
What are the prime factors of 4475?
5, 179
List the prime factors of 3433.
3433
List the prime factors of 94536.
2, 3, 13, 101
What are the prime factors of 72485?
5, 7, 19, 109
List the prime factors of 3482.
2, 1741
What are the prime factors of 714?
2, 3, 7, 17
List the prime factors of 565.
5, 113
What are the prime factors of 22124?
2, 5531
List the prime factors of 6681.
3, 17, 131
What are the prime factors of 119143?
283, 421
List the prime factors of 94150.
2, 5, 7, 269
List the prime factors of 15174.
2, 3, 281
What are the prime factors of 1148?
2, 7, 41
List the prime factors of 15263.
15263
What are the prime factors of 28193?
11, 233
What are the prime factors of 2651?
11, 241
What are the prime factors of 1817?
23, 79
List the prime factors of 43080.
2, 3, 5, 359
List the prime factors of 7560.
2, 3, 5, 7
What are the prime factors of 911?
911
What are the prime factors of 157889?
157889
List the prime factors of 1789.
1789
What are the prime factors of 49528?
2, 41, 151
List the prime factors of 2996.
2, 7, 107
What are the prime factors of 47?
47
List the prime factors of 2900.
2, 5, 29
List the prime factors of 5591.
5591
List the prime factors of 29215.
5, 5843
What are the prime factors of 8109?
3, 17, 53
What are the prime factors of 1510?
2, 5, 151
List the prime factors of 4995.
3, 5, 37
List the prime factors of 25807.
131, 197
List the prime factors of 8.
2
List the prime factors of 651.
3, 7, 31
List the prime factors of 5354.
2, 2677
List the prime factors of 34368.
2, 3, 179
What are the prime factors of 2714?
2, 23, 59
What are the prime factors of 9344?
2, 73
List the prime factors of 5231.
5231
What are the prime factors of 225?
3, 5
What are the prime factors of 70872?
2, 3, 2953
List the prime factors of 5890.
2, 5, 19, 31
List the prime factors of 5427.
3, 67
List the prime factors of 1867.
1867
List the prime factors of 50475.
3, 5, 673
What are the prime factors of 18343?
13, 17, 83
What are the prime factors of 3818?
2, 23, 83
List the prime factors of 52166.
2, 26083
List the prime factors of 1026.
2, 3, 19
What are the prime factors of 1322?
2, 661
What are the prime factors of 2163?
3, 7, 103
List the prime factors of 2327.
13, 179
What are the prime factors of 2453?
11, 223
What are the prime factors of 8024?
2, 17, 59
What are the prime factors of 60063?
3, 20021
List the prime factors of 19943.
7, 11, 37
What are the prime factors of 71818?
2, 149, 241
List the prime factors of 104526.
2, 3, 5807
What are the prime factors of 18796?
2, 37, 127
List the prime factors of 3424.
2, 107
What are the prime factors of 124900?
2, 5, 1249
What are the prime factors of 25037?
25037
What are the prime factors of 5672?
2, 709
List the prime factors of 2553.
3, 23, 37
What are the prime factors of 64840?
2, 5, 1621
What are the prime factors of 25269?
3, 8423
List the prime factors of 4934.
2, 2467
What are the prime factors of 761?
761
What are the prime factors of 541?
541
What are the prime factors of 8011?
8011
List the prime factors of 93882.
2, 3, 15647
List the prime factors of 1966.
2, 983
What are the prime factors of 2928?
2, 3, 61
List the prime factors of 499.
499
What are the prime factors of 17748?
2, 3, 17, 29
List the prime factors of 186876.
2, 3, 29, 179
List the prime factors of 7248.
2, 3, 151
What are the prime factors of 96814?
2, 48407
What are the prime factors of 29694?
2, 3, 7, 101
What are the prime factors of 2878?
2, 1439
What are the prime factors of 13195?
5, 7, 13, 29
What are the prime factors of 12990?
2, 3, 5, 433
What are the prime factors of 2154?
2, 3, 359
What are the prime factors of 263?
263
What are the prime factors of 5419?
5419
What are the prime factors of 13600?
2, 5, 17
List the prime factors of 26279.
11, 2389
List the prime factors of 901.
17, 53
What are the prime factors of 8263?
8263
What are the prime factors of 9189?
3, 1021
What are the prime factors of 80324?
2, 43, 467
List the prime factors of 35665.
5, 7, 1019
What are the prime factors of 60516?
2, 3, 41
What are the prime factors of 1347?
3, 449
List the prime factors of 984.
2, 3, 41
List the prime factors of 147718.
2, 73859
List the prime factors of 652.
2, 163
List the prime factors of 3889.
3889
What are the prime factors of 3518?
2, 1759
List the prime factors of 131458.
2, 65729
List the prime factors of 39147.
3, 13049
List the prime factors of 408.
2, 3, 17
List the prime factors of 29289.
3, 13, 751
What are the prime factors of 537?
3, 179
What are the prime factors of 2730?
2, 3, 5, 7, 13
What are the prime factors of 12555?
3, 5, 31
What are the prime factors of 1049?
1049
What are the prime factors of 48874?
2, 7, 3491
What are the prime factors of 35?
5, 7
What are the prime factors of 4163?
23, 181
What are the prime factors of 6299?
6299
List the prime factors of 143725.
5, 5749
What are the prime factors of 22689?
3, 2521
What are the prime factors of 9452?
2, 17, 139
List the prime factors of 17060.
2, 5, 853
What are the prime factors of 3342?
2, 3, 557
List the prime factors of 5418.
2, 3, 7, 43
What are the prime factors of 1319?
1319
List the prime factors of 1231.
1231
What are the prime factors of 32762?
2, 16381
List the prime factors of 15603.
3, 7, 743
What are the prime factors of 24726?
2, 3, 13, 317
What are the prime factors of 1136?
2, 71
What are the prime factors of 1250?
2, 5
List the prime factors of 42378.
2, 3, 7, 1009
List the prime factors of 3876.
2, 3, 17, 19
List the prime factors of 16198.
2, 7, 13, 89
List the prime factors of 1243.
11, 113
List the prime factors of 439.
439
What are the prime factors of 26131?
7, 3733
List the prime factors of 2475.
3, 5, 11
What are the prime factors of 3606?
2, 3, 601
What are the prime factors of 7749?
3, 7, 41
List the prime factors of 4077.
3, 151
What are the prime factors of 25888?
2, 809
What are the prime factors of 7084?
2, 7, 11, 23
What are the prime factors of 26304?
2, 3, 137
List the prime factors of 15416.
2, 41, 47
List the prime factors of 43632.
2, 3, 101
What are the prime factors of 2957?
2957
List the prime factors of 25596.
2, 3, 79
What are the prime factors of 165018?
2, 3, 7, 3929
What are the prime factors of 10734?
2, 3, 1789
What are the prime factors of 310?
2, 5, 31
What are the prime factors of 1161?
3, 43
What are the prime factors of 2824?
2, 353
List the prime factors of 520.
2, 5, 13
What are the prime factors of 45875?
5, 367
What are the prime factors of 1130?
2, 5, 113
List the prime factors of 2059.
29, 71
List the prime factors of 5388.
2, 3, 449
What are the prime factors of 3485?
5, 17, 41
What are the prime factors of 159082?
2, 7, 11, 1033
What are the prime factors of 49179?
3, 13, 97
What are the prime factors of 839?
839
List the prime factors of 1486.
2, 743
List the prime factors of 436.
2, 109
List the prime factors of 1099.
7, 157
List the prime factors of 100507.
11, 9137
List the prime factors of 28739.
29, 991
List the prime factors of 42474.
2, 3, 7079
List the prime factors of 23428.
2, 5857
List the prime factors of 3946.
2, 1973
What are the prime factors of 70974?
2, 3, 3943
What are the prime factors of 63401?
13, 4877
List the prime factors of 945.
3, 5, 7
What are the prime factors of 5189?
5189
What are the prime factors of 4164?
2, 3, 347
What are the prime factors of 4689?
3, 521
List the prime factors of 1990.
2, 5, 199
What are the prime factors of 14356?
2, 37, 97
What are the prime factors of 5717?
5717
What are the prime factors of 853?
853
List the prime factors of 55882.
2, 27941
List the prime factors of 10121.
29, 349
What are the prime factors of 16400?
2, 5, 41
List the prime factors of 81651.
3, 17, 1601
What are the prime factors of 3234?
2, 3, 7, 11
List the prime 